-40433. Determine x(o).
64
Let w(h) = -3*h + 1. Let a(g) = -10*g + 1. Let j(d) = 53*d - 18. Let y(u) = 4*a(u) + j(u). Let k(v) = 5*w(v) + y(v). Give k(-3).
-3
Let j(r) = r**2 + 3*r. Let o be 1*-1*(365 - 360). Determine j(o).
10
Let q(d) = -d**2 - 8*d**3 + 8*d**3 - 2*d**2 + 29*d**3 - 24 - 2*d - 28*d**3. What is q(0)?
-24
Suppose -4*h - 12 = -h. Let k = -42 - -39. Let d(q) = q - 8. Let p(b) = -6. Let m(u) = k*d(u) + 5*p(u). Calculate m(h).
6
Let j(c) be the first derivative of -c**4/4 - 11*c**3/3 - 11*c**2/2 - 8*c - 12492. Let i be 1*-4*2 + -2. Determine j(i).
2
Suppose -2*a + 3*a + 3 = 0, 4*f = 4*a + 24. Suppose -f*h - z + 8 = 0, 0*z - 10 = -5*z. Let d(y) = 11*y**2 - 2 - 8*y**h + 2*y**3 + 0. Calculate d(-2).
-6
Let z(t) be the second derivative of -t**4/4 - t**2/2 + 600*t. Determine z(-5).
-76
Let j(c) = 4*c**2 - 3 + 0*c**3 + c**3 - 2*c - 2*c**3. Let r(m) = m**2 - 14*m - 178. Let t be r(15). Let o = t - -166. What is j(o)?
0
Let t(j) = j**3 - 5*j**2 + 2*j + 4. Let q(h) = -10*h + 16556 + 4*h**3 - 16573 + 2*h**2 - 3*h**3. Let f be q(-2). What is t(f)?
-8
Let s(m) = m**2 + 24*m + 111. Suppose 0 = -v + 6, -234*x + 239*x = -2*v - 78. Determine s(x).
3
Let m(k) = -25*k - 41*k - 3 + 65*k. Let n(p) = 2*p + 21. Let o(v) = -m(v) - n(v). Determine o(-8).
-10
Let c(p) = -2*p**2 - 7*p - 7. Suppose -12 = -171*x - 696. Determine c(x).
-11
Let b be (2 - 2/2)/1. Let s be (-120)/18*(-6)/5. Let z(l) = 0 + 6 - 6*l - 13 + s. Give z(b).
-5
Let x = -36700 + 36687. Let d(c) = -c**3 - 15*c**2 - 23*c - 13. What is d(x)?
-52
Let g(w) = -w**3 - 412*w**2 + 2*w**3 - 57 + 159*w**2 + 143*w**2 - 23*w + 132*w**2. Give g(-23).
-57
Let y(n) be the first derivative of n**5/30 - n**4/6 - n**3/6 + 43*n**2 + 78. Let l(a) be the second derivative of y(a). Give l(5).
29
Let a(k) be the first derivative of 4*k + 169 - 1/2*k**2. Calculate a(7).
-3
Suppose 0 = -70*z + 71*z + 3. Let a(q) be the first derivative of -3*q**2 + q + 52. What is a(z)?
19
Let c(m) = -4017*m**2 + m**3 + 2016*m**2 + 2009*m**2 + 1 - 10*m. What is c(-9)?
10
Let n be 1 - 2 - 2 - (31 - 28). Let u(p) = -p**2 - 3*p + 13. Give u(n).
-5
Let q(b) be the second derivative of 5/6*b**3 + 34*b - 5/2*b**2 + 0. Determine q(2).
5
Let o(c) = -c**2 + 8*c - 8. Let x be (0/(-3) + -1)/((-1)/(-123)). Let h = x + 1. Let n be (-11)/((-495)/10) + h/(-18). What is o(n)?
-1
Let z(d) = 0*d**2 - 1 - 20*d**3 + 0*d**2. Let m(l) = 8616*l - 60313. Let n be m(7). What is z(n)?
19
Let q(t) = -247*t**2 + 2 + 2*t**3 - 2*t + 8*t**3 + 246*t**2 - 8*t**3 - 4*t**3. What is q(1)?
-3
Let w(q) be the second derivative of q**5/20 - q**4/24 - 9*q**3/2 + 11*q + 3. Let d(t) be the second derivative of w(t). Determine d(-1).
-7
Let w = -249 + 279. Suppose -w = 108*f - 123*f. Let u(r) = -9*r - 4*r - 47 + 49. Calculate u(f).
-24
Let g(l) = -l + 18. Let z = 8421 + -8423. Determine g(z).
20
Let g be (-2)/22 + -16*377/(-10208). Let w(p) be the second derivative of p + p**3 + 0 - 1/12*p**4 + g*p**2. Give w(7).
-6
Let p be (-26)/(-234)*9*7. Let a(o) = 3*o**2 - 9*o + 2. Calculate a(p).
86
Let f = -30 - -72. Suppose -8*y - f = -14*y. Let p(h) = -12*h + 122*h**2 - y + 5*h - 123*h**2. What is p(-6)?
-1
Let w be 10/25 + 1092/20 + 2. Suppose -3*r + 21 = -3*v, 0 = -v + w - 59. Let p(k) = -k**3 + 6*k**2 - 4*k - 5. Give p(r).
0
Let p(r) be the first derivative of -r**3/6 + 4*r**2 - 27*r + 66. Let y(c) be the first derivative of p(c). Determine y(4).
4
Let v(x) = x**3 + 9*x**2 - x + 6. Suppose -10 = 5*s, -s - 277 = 5*n - 230. Give v(n).
15
Let i(t) = -t**3 - 14*t**2 + 23*t + 23. Suppose 1355 = -97*k - 422 + 322. Calculate i(k).
-97
Let y = 976 - 977. Suppose 4*s + 10 - 34 = 0. Let x(p) = -p + 1. Let d(b) = b**3 + b**2 - 5*b - 10. Let a(u) = s*x(u) + y*d(u). Calculate a(0).
16
Let i(z) = -z**3 + 3*z**2 - z - 2. Let u be (-15)/(-3) + (-1 - -1). Let h = -482 - -487. Suppose -2*w = u*o - 19, 2*w - 11 - h = -4*o. Calculate i(o).
-5
Let b(u) = -31 - u**3 + 69 - 22 - 2*u + 12*u**2. Suppose 0*v + 36 = 3*v. Calculate b(v).
-8
Let c(k) = -51*k - 16 + 8 + 48 + 43*k + 19 - k**2. Calculate c(-13).
-6
Let v(q) be the third derivative of 5/24*q**4 + 0 + 0*q - 59*q**2 - 1/60*q**5 + 1/3*q**3. What is v(7)?
-12
Let u(p) = 3*p - 19. Suppose 26*g - 6*g = 420. Suppose -5*b = -3*r + g, 3*r - 15 = 3*b + 6. Determine u(r).
2
Let b be -1*9/((-36)/28). Suppose q + 2*x = b, 5*x + 8 = 2*q - 6. Let n(i) = -i**3 + 6*i**2 + 9*i + 6. What is n(q)?
20
Let v(k) = -4*k**3 - 53*k**2 + 26*k - 5. Let l(u) = 9*u**3 + 106*u**2 - 52*u + 10. Let w(f) = 2*l(f) + 5*v(f). Calculate w(-27).
22
Let q(b) = -b**2 - 5*b - 2. Suppose 2*g - o = -86 + 2, -3*o - 168 = 4*g. Let x = 16 - 63. Let d = x - g. What is q(d)?
-2
Let i(b) = -8 - b**3 - b**2 + 11*b - 2 + 9*b**2. Suppose 5*w - 2*s + 234 - 267 = 0, -33 = -3*w - s. Give i(w).
8
Let t(c) be the second derivative of c**8/6720 - c**7/2520 - c**6/720 - c**5/20 - 9*c**4/4 + 3*c. Let z(f) be the third derivative of t(f). Determine z(0).
-6
Let l be (0 - 0) + (6 - 8). Let h be (l + 0)*1/(-2). Let c(k) = -16 + 5 + 7 + 3 + 7*k. What is c(h)?
6
Let g(p) = -10*p**2 - 52*p - 7. Let h be g(-5). Suppose y - 2*j = h*j + 22, 4*y - j - 31 = 0. Let x(u) = 5*u - 3. What is x(y)?
32
Suppose -3*z = -3*g - 132, -3*g - 100 = -2*z - 11. Let n = 39 - z. Let l(t) = -t**3 - 4*t**2 - t - 4. Give l(n).
0
Let h(a) = -a - a**2 + 20*a - 28*a + 4*a + 4*a + 11. Calculate h(4).
-9
Let q = 9650 - 9658. Let y(h) = 10*h + 86. Calculate y(q).
6
Let v be 47/(-7) + (-6)/21. Let d(f) = -3 - 7*f**2 - 592*f + 8*f**2 - 600*f - 589*f + 1785*f. Give d(v).
18
Let d(z) = 3*z**2 + 34 - 2*z**2 - 26*z + 12*z. Let s be d(6). Let t be 1 - (-65)/9 - s/(-63). Let c(l) = l**3 - 9*l**2 + 9*l + 6. Determine c(t).
14
Suppose 5*j - a = 1872, 242 + 514 = 2*j - 4*a. Let k = j - 371. Let t(m) = -7*m**2 + m + m**3 - 4 + 2 + 3*m**2. Determine t(k).
-8
Let q be (-45)/2*(-36)/45. Suppose q*x = 28*x + 80. Let p(u) = u**2 + 9*u + 6. Calculate p(x).
-2
Suppose -t = -i - 1, t + 3*t - 2 = 3*i. Let z be i - (-18)/((-6)/(-2)). Let g(q) = -87*q**2 - 35*q - 14 + 86*q**2 + 40*q + 9. Determine g(z).
-1
Let b(a) = -4*a - 8. Suppose 4 = 121*z - 117*z. Calculate b(z).
-12
Let h(k) be the second derivative of 0*k**2 + 1/60*k**5 + 5/3*k**3 + 0 + 1/2*k**4 - 17*k. Let j(b) be the second derivative of h(b). What is j(-10)?
-8
Suppose 0 = -3*q - x - 23, 2*x - 11 = 2*q - 1. Let h(l) = -14*l - 6. Let d(c) = -19*c - 9. Let a(z) = q*h(z) + 5*d(z). Determine a(6).
15
Let w be 4 - (11/(-22) + 10/(-4)). Let x be 1*((-105)/w)/(-3). Let q(i) = i**2 - 4*i - 3. Determine q(x).
2
Let m be 5/((-21)/(2457/65)). Let c(o) = 8*o - 39. Give c(m).
-111
Let d be (20/50)/((-2)/90). Let m be (-8)/(-2) + d/3. Let q(z) = 3*z - 2. Calculate q(m).
-8
Let s(j) = 10*j**2 + 264*j + 93. Let y be s(-26). Let x(t) = t**3 + 12*t**2 + 13*t + 11. Give x(y).
-11
Let q(t) = 11 + 6 - 27 + t + t + 1. Suppose 34 - 26 = g. Calculate q(g).
7
Let o(r) be the second derivative of -r**3/3 + r**2 - 2*r. Suppose -3*x = -2*v - 1, 2*v - 12 = -x + 7. Suppose v*s - 9*s = -4. What is o(s)?
-2
Let n be (3 + (3 - 5))/((-2)/(-6)). Let m(q) = 0*q + q**n - 4*q - q**2 + 3*q - 4. Suppose -27*z = -22*z. What is m(z)?
-4
Let q(o) = o**2 - 7*o + 15. Suppose 104*c - 11 = 119*c - 101. Calculate q(c).
9
Let d(s) = s**3 - 36*s**2 + 2*s - 74. Let v = 5571 + -5535. Determine d(v).
-2
Let k be -3 + (8 - 2) - 6. Let f(b) = 5*b**2 + 5. Let j(n) = -4*n**2 - 4. Let h be 12 + (-1780)/110 - 4/(-22). Let t(w) = h*j(w) + k*f(w). What is t(-1)?
2
Let m be 8/76 - (-54)/(-513). Let c(d) = 2*d**2 - d + 62. What is c(m)?
62
Let j(k) be the third derivative of k**4/4 - 263*k**3/6 + 596*k**2 + 3*k. Calculate j(46).
13
Let d(o) = -6*o. Let p(k) = -k**2 + 26*k - 11. Let g be p(18). Let r = g + -128. Suppose -n = -2*i + 7, -2*n + r*i + 0*i = 17. Give d(n).
6
Suppose 22*l - 25*l = -3, 0 = -3*v + 4*l + 38. Let j(y) = -6*y + 49. Determine j(v).
-35
Let u(z) = z**3 - 154*z**2 + 3223*z + 260. Let m be u(129). Let n(q) be the first derivative of 5*q**3/3 + 2*q - 1. What is n(m)?
22
Let o(b) = -b**2 - 8*b - 6. Suppose 2*a = 123 + 13. Let i = -64 + a. Suppose i*w + 5 = -15. Determine o(w).
9
Let w(x) = -3*x + 9. Let k(h) = 2*h - 8. Let c(z) = -6*k(z) - 5*w(z). Suppose -21*v + 19*v - 16 = 0. Let m = -12 - v. Determine c(m).
-9
Let y(k) = k**3 + 5*k**2 - 9